ase 13.
14b19
-11011011 (base 3) to base 11
-2303
Convert -343 (base 12) to base 8.
-743
Convert -68604 (base 9) to base 3.
-2022200011
Convert 12345 (base 6) to base 7.
5303
What is -10705 (base 8) in base 10?
-4549
What is -617 (base 12) in base 10?
-883
-1b7 (base 16) to base 6
-2011
What is -110 (base 12) in base 5?
-1111
What is 6573 (base 16) in base 9?
38556
-125054 (base 6) to base 8
-26332
What is -42114 (base 5) in base 14?
-102c
Convert 452 (base 8) to base 7.
604
What is -22330 (base 5) in base 4?
-120312
Convert -6417 (base 8) to base 14.
-130b
-13345 (base 9) to base 11
-6871
Convert -5ba4 (base 13) to base 2.
-11001010110010
Convert 64502 (base 7) to base 15.
4b35
Convert -100000001 (base 2) to base 14.
-145
What is -10011010 (base 3) in base 10?
-2298
-12124 (base 6) to base 15
-7da
-16b5 (base 14) to base 6
-30515
70a (base 13) to base 5
14233
-1108 (base 13) to base 2
-100101000110
What is 9436 (base 13) in base 11?
14441
Convert -11011001 (base 2) to base 16.
-d9
What is -132036 (base 7) in base 2?
-110000010010011
-95c (base 15) to base 7
-6105
Convert -361 (base 8) to base 5.
-1431
What is 22101 (base 4) in base 12?
469
Convert 1123230 (base 4) to base 6.
43100
-134030 (base 5) to base 3
-21120021
Convert 1568 (base 11) to base 9.
2673
166222 (base 7) to base 9
50714
Convert -23103321 (base 4) to base 8.
-132371
-9c7 (base 13) to base 3
-2022101
Convert 123200 (base 5) to base 4.
1023000
What is -753 (base 11) in base 6?
-4105
f852 (base 16) to base 3
10020012110
Convert 62517 (base 8) to base 5.
1312220
Convert 78d (base 14) to base 13.
8b2
-246 (base 11) to base 3
-101211
Convert 104433 (base 5) to base 12.
21bb
What is 10021 (base 7) in base 16?
970
5558 (base 11) to base 5
213243
2335 (base 14) to base 11
4667
-4 (base 11) to base 10
-4
What is 400 (base 13) in base 4?
22210
Convert 575 (base 8) to base 11.
317
What is 10011111 (base 3) in base 10?
2308
870 (base 9) to base 3
222100
What is 124214 (base 5) in base 6?
34502
5679 (base 12) to base 2
10010101111101
Convert 10142 (base 5) to base 9.
826
Convert -1487 (base 10) to base 15.
-692
-7181 (base 9) to base 3
-21012201
4b4 (base 13) to base 10
823
What is 516 (base 11) in base 12?
43a
Convert 20102 (base 4) to base 13.
31a
15465 (base 11) to base 2
101010101011011
-1000 (base 7) to base 10
-343
What is 133311 (base 8) in base 14?
130a5
-121532 (base 6) to base 12
-62a8
What is 348 (base 10) in base 13?
20a
Convert 135112 (base 6) to base 5.
402123
-176 (base 15) to base 10
-336
40775 (base 11) to base 16
e865
Convert -17467 (base 9) to base 5.
-341144
What is -1b7 (base 16) in base 4?
-12313
Convert 443 (base 8) to base 14.
16b
Convert -9a (base 16) to base 5.
-1104
Convert 49be (base 15) to base 14.
5a1a
-1c63 (base 13) to base 8
-10322
Convert -5662 (base 11) to base 7.
-30501
-630 (base 7) to base 8
-473
-10121102 (base 3) to base 10
-2630
1011000000010011 (base 2) to base 14
125d9
4214 (base 9) to base 8
6023
What is -2332 (base 4) in base 15?
-ca
-1162 (base 9) to base 6
-4002
Convert 2502 (base 8) to base 16.
542
3121233 (base 5) to base 3
2121120022
232 (base 6) to base 5
332
10111011 (base 3) to base 4
213232
What is 10cb (base 14) in base 3?
11000021
Convert 211111 (base 4) to base 12.
1471
-1015 (base 13) to base 14
-b43
What is -4a (base 11) in base 16?
-36
-4410 (base 5) to base 15
-2a5
527 (base 13) to base 4
31232
What is 1711 (base 13) in base 10?
3394
Convert -3342 (base 7) to base 2.
-10010110110
101060 (base 7) to base 16
4328
548 (base 11) to base 15
2dc
What is 14b6 (base 13) in base 9?
4127
What is 230031 (base 4) in base 15?
c89
What is -254 (base 13) in base 8?
-627
What is 23f3 (base 16) in base 10?
9203
Convert 14155 (base 14) to base 2.
1100000111111111
What is -22011020 (base 3) in base 7?
-23223
Convert -10454 (base 11) to base 12.
-8954
What is 12132 (base 5) in base 9?
1228
What is 11 (base 16) in base 6?
25
-77 (base 16) to base 9
-142
What is 66 (base 13) in base 7?
150
-5ab3 (base 16) to base 3
-1011211222
-12111 (base 5) to base 2
-1110001010
Convert 4312 (base 9) to base 3.
11100102
Convert 261a (base 16) to base 13.
4594
Convert -a14 (base 14) to base 13.
-b92
What is -1b6 (base 15) in base 7?
-1104
541 (base 6) to base 16
cd
What is 22330 (base 5) in base 7?
4431
Convert 15233 (base 6) to base 12.
1519
52b (base 13) to base 14
470
What is -102122110 (base 3) in base 5?
-232430
874c (base 13) to base 3
221211011
What is 1966 (base 10) in base 2?
11110101110
Convert 24b2 (base 12) to base 14.
1738
5000 (base 6) to base 8
2070
-39a (base 15) to base 16
-334
What is -12703 (base 8) in base 5?
-134241
Convert -672 (base 8) to base 3.
-121101
What is 1141 (base 10) in base 14?
5b7
-10510 (base 6) to base 11
-1128
Convert -913 (base 12) to base 9.
-1716
What is -535 (base 11) in base 4?
-22003
Convert -10100 (base 5) to base 11.
-541
What is -33a9 (base 12) in base 6?
-42333
What is 3120 (base 7) in base 13?
660
113343 (base 5) to base 6
31315
What is -1703 (base 15) in base 7?
-20304
What is 90a (base 14) in base 12?
103a
Convert -21975 (base 12) to base 9.
-67138
Convert -1cc5 (base 15) to base 5.
-200020
Convert 337 (base 13) to base 15.
26d
What is -843 (base 10) in base 7?
-2313
What is -4490 (base 10) in base 6?
-32442
-11101100 (base 2) to base 15
-10b
-100302 (base 4) to base 7
-3063
What is -11001110000 (base 2) in base 11?
-1269
814 (base 11) to base 12
69b
What is 1001021 (base 4) in base 3?
12201102
Convert -412 (base 8) to base 4.
-10022
What is -200002221 (base 3) in base 9?
-20087
What is 13215 (base 7) in base 9?
4763
Convert -100222 (base 3) to base 5.
-2034
-12440 (base 6) to base 10
-1896
What is bca5 (base 14) in base 8?
77651
Convert -15369 (base 13) to base 15.
-bd60
122112121 (base 3) to base 2
11000111110011
Convert 343012 (base 5) to base 2.
10111111100001
What is 11010001001 (base 2) in base 10?
1673
What is 41024 (base 7) in base 12?
5925
Convert 2216 (base 7) to base 6.
3405
1212112 (base 3) to base 7
3656
Convert -1fb (base 16) to base 7.
-1323
3158 (base 9) to base 14
bbb
-85c (base 16) to base 8
-4134
What is -19c0 (base 15) in base 2?
-1010111001100
-19198 (base 11) to base 15
-7e4d
Convert 114a6 (base 11) to base 12.
9710
What is -37 (base 8) in base 3?
-1011
-5d3 (base 15) to base 7
-3600
What is c8c (base 16) in base 4?
302030
What is 131113 (base 4) in base 7?
5323
1674 (base 11) to base 15
978
40412 (base 8) to base 15
4e00
What is 680 (base 13) in base 10?
1118
Convert 3544 (base 12) to base 2.
1011101000100
-1967 (base 10) to base 8
-3657
What is -78a (base 13) in base 11?
-a7a
What is 4043110 (base 5) in base 9?
108642
Convert 2a98 (base 12) to base 6.
35112
What is -18e (base 16) in base 8?
-616
Convert -4012 (base 7) to base 10.
-1381
What is 2444a (base 11) in base 10?
35144
-3149 (base 14) to base 13
-3b34
What is 21340 (base 5) in base 9?
2013
Convert c76 (base 14) to base 11.
1933
-222211 (base 3) to base 5
-10344
What is -3764 (base 14) in base 3?
-111021222
-18 (base 11) to base 10
-19
Convert 21011001 (base 3) to base 9.
7131
Convert 503 (base 14) to base 9.
1312
Convert 48a4 (base 12) to base 6.
101524
1b90 (base 13) to base 12
24b9
What is -1021213 (base 4) in base 9?
-6414
-29247 (base 10) to base 15
-89ec
Convert 1133411 (base 5) to base 11.
14948
1d4 (base 15) to base 11
356
Convert -22002 (base 3) to base 6.
-1002
Convert 6664 (base 7) to base 11.
1890
-1b8 (base 16) to base 10
-440
Convert 6604 (base 7) to base 16.
934
What is -321c (base 13) in base 6?
-52110
5455 (base 7) to base 8
3637
Convert 1561c (base 15) to base 6.
1250513
Convert -555 (base 8) to base 5.
-2430
Convert 1101011001000 (base 2) to base 3.
100101221
Convert -1110 (base 5) to base 11.
-131
Convert 1c97 (base 13) to base 6.
32045
-330011 (base 5) to base 6
-124040
What is -33312 (base 4) in base 7?
-2646
What is -100110010 (base 3) in base 9?
-10403
-101011110100 (base 2) to base 6
-20552
1004211 (base 5) to base 14
5c7b
What is 13220 (base 5) in base 14?
55a
What is -100200 (base 6) in base 12?
-4660
What is 1402 (base 6) in base 14?
1bc
-7878 (base 9) to base 15
-1ad2
What is -101351 (base 6) in base 12?
-4857
What is -162 (base 11) in base 7?
-360
6a3 (base 13) to base 3
1120111
What is 110123 (base 5) 